 492 + -3 + k - 2 composite?
False
Let y = 4070 - -2733. Is y a composite number?
False
Let y(z) = -z**3 + 29*z**2 + 8*z - 35. Is y(15) prime?
False
Let z be 2 + 773 + 8 + -5. Is -6*2/(-6)*z/4 a composite number?
False
Suppose 0 = n - 4*d - 211, 4*n - 278 - 566 = d. Is n a composite number?
False
Let p(x) = 680*x**2 - 20*x + 2. Let l be p(3). Suppose -g - 5*y + l = 0, 0 = -4*g - 0*y + y + 24269. Is g composite?
False
Is (0 + 14)*((-887)/(-2) - 5) composite?
True
Suppose -2*u = -483 - 167. Let c = u + -162. Is c a prime number?
True
Let w be (-1)/(-2) + (-105)/14. Is (7/w)/((-2)/22) composite?
False
Suppose 2*m + m + 405 = f, -5*m - 411 = -f. Suppose -3*h - v - 759 = 0, -3*h + 5*v = 748 + 11. Let c = f + h. Is c prime?
False
Let q be (-1 - (5 - 3))*6/(-2). Is (q/6)/(9/1356) a composite number?
True
Suppose -2*p - 12 = -4*p. Let c = p + -5. Suppose -r + o + 2*o = -29, c = -o. Is r composite?
True
Suppose -9*v + 4*k = -4*v - 68875, v - 5*k = 13796. Is v prime?
False
Let j(t) = t**2 + 23*t + 19. Is j(-28) a prime number?
False
Let f(i) = 3*i**2 - 12*i + 38. Is f(-23) composite?
False
Let l = 13 - 23. Let y be (l/(-6))/(5/15). Let t(n) = 10*n**2 + 4*n + 17. Is t(y) a composite number?
True
Let c(b) = 302*b + 43. Is c(54) prime?
False
Let d = 447 - -134. Is d prime?
False
Suppose 5*s = -4*j + 712, s = 6*j - 3*j - 553. Suppose 0 = 5*d - 5752 + 1102. Suppose -3*b - j + d = 0. Is b a composite number?
True
Let m(q) be the third derivative of -11*q**5/60 + 3*q**4/8 + 7*q**3/6 + 2*q**2. Let v(x) = -22*x**2 + 18*x + 14. Let w(z) = 7*m(z) - 4*v(z). Is w(-6) prime?
True
Is -548*(-1)/(-3)*33/(-22) a composite number?
True
Let r = -4 - -134. Suppose -5*s = l - 1908, l - r = 2*s - 889. Is s composite?
True
Suppose 45029 = 3*z - 5*i, 5*z + 0*z + 4*i - 75073 = 0. Is z prime?
True
Suppose 14658 = 6*w - 7908. Is w composite?
False
Let t(x) = 1286*x + 4. Let n be t(3). Is -2 - n/(-6) - 2/3 a prime number?
True
Let d(v) = 279*v + 6 + 74*v - v. Let u be d(4). Suppose 3*p + 3*b - 1053 = 0, p - b = -3*p + u. Is p a prime number?
True
Let f = -608 - -1281. Is f composite?
False
Let h(j) = -2 - 5 - 1 + 10*j + 2 + j**2. Let y be h(-8). Let z = y + 61. Is z a composite number?
True
Suppose -4*l = v - 338, 505 + 544 = 3*v + 5*l. Is v a prime number?
False
Suppose -5350 = 5*k - 2*x, 7*k + x = 4*k - 3199. Let u = k + 1649. Is u a prime number?
False
Let d = 6577 - 3893. Let s be 6 - 0 - 12/4. Suppose -b = s*b - d. Is b a composite number?
True
Let y(f) = -101*f**3 - 5. Is y(-3) prime?
False
Suppose -4*s - s = c - 5157, 0 = 4*c + 5*s - 20598. Is c a prime number?
True
Let o = -19674 + 37687. Is o a prime number?
True
Suppose 35*x - 36*x = 3*t - 50500, -2*x + 101025 = t. Is x composite?
True
Let j(l) = 15*l**3 - 4*l**2 + l - 11. Let r(t) = -6*t**3 - t**2 + t + 1. Let f be r(-1). Is j(f) composite?
True
Let u be -175*1/1*-1. Let s = 255 - 1. Let y = s - u. Is y a composite number?
False
Let m(y) = 1060*y**2 + y. Let s be m(-1). Let j = -592 + s. Is j composite?
False
Let g(n) = 8*n**2 + 1 + 1 - 4*n - 6*n**2. Let p be g(2). Suppose -i = p*i - 1113. Is i a prime number?
False
Let m = 36 - 32. Suppose 561 - 9277 = -m*p. Is p composite?
False
Let v = -1931 - -2836. Is v a prime number?
False
Let h = -10189 + 18248. Is h a prime number?
True
Is ((-31)/(-62))/(1/(-68054)*-1) prime?
False
Let g(d) = d**3 + 13*d**2 - 2*d - 17. Let q be g(-13). Let h = -7 + q. Suppose 4*k - 1602 = h*u, 3*k - 6*k + 1207 = 4*u. Is k prime?
True
Suppose -2*p - 8 = -0*p, k = 5*p - 975. Let y = k + 1884. Is y a composite number?
True
Suppose -2*y + 16 = 4*a, -4 = -4*y + 5*y. Suppose 6749 = a*b - 2005. Is b a prime number?
True
Let w = -23 - -25. Suppose 3*h - t = 2023, -w*h + 2011 = h + 2*t. Is h composite?
False
Let q be -7*((-20)/14 - -1). Suppose p = q*p + 2*f - 362, 2*p - 338 = 4*f. Is p composite?
True
Let v = 669 - -208. Is v a prime number?
True
Suppose 4*n + 48133 = 5*c + 5*n, -3*c = 3*n - 28887. Is c prime?
False
Let f = -59 + 153. Suppose -b - f = -828. Is b a composite number?
True
Suppose 4 = -5*q + 24. Suppose q*y = 2*y + 246. Suppose -3*j = -234 - y. Is j a composite number?
True
Let g(q) = 445*q - 49. Is g(18) a prime number?
False
Let n = 77 - 48. Suppose -24*o + n*o - 2075 = 0. Is o prime?
False
Suppose 3*f = 2*f - 1228. Is 3 - 2 - f*(6 - 5) a composite number?
False
Let a = -6979 - -10044. Is a a prime number?
False
Let a(y) = 281*y + 106. Is a(15) a composite number?
True
Let s = 810 + -460. Let g = s + 153. Is g a prime number?
True
Let c(w) = -8*w + 4 - 11 + 6*w. Let v be c(0). Let u(l) = l**3 + 8*l**2 - 10*l - 10. Is u(v) a composite number?
False
Let p(m) = -m**2 + 2. Let k be p(2). Let o(g) = g**3 + 16*g**2 - 11*g + 5. Let l(u) = -7*u**2 + 5*u - 2. Let f(d) = -7*l(d) - 3*o(d). Is f(k) prime?
True
Let c be 5*1*3/5. Let j = 0 + 8. Suppose -370 = c*v - j*v. Is v prime?
False
Let q be (36/90)/((-1)/2960). Let v = 2071 + q. Is v prime?
True
Is ((-516836)/(-28))/(9/63) composite?
False
Suppose -37*m = -86*m + 207074. Is m a prime number?
False
Suppose -7*z - 16 = -58. Suppose 6208 = 10*l - z*l. Let g = 2185 - l. Is g composite?
True
Suppose -3*c + 4*c = 3. Suppose -c*l = 1 + 35. Is l/(-4) - (-80 - 2) composite?
True
Let n be ((-4)/(-4))/((4/874)/2). Suppose -8*p = -n - 4739. Is p a prime number?
True
Let p(d) = 46*d**3 + 11*d**2 + 6*d - 48. Is p(5) a composite number?
False
Let d(c) = -c + 7. Let i be d(7). Let k(f) = -2*f + i*f**2 - 1 + 6*f**2 - f**2. Is k(-6) composite?
False
Let w(p) = p**3 + 15*p**2 - 14*p - 5. Let g be (4 - 2)/((-4)/22). Is w(g) a composite number?
True
Let n(l) = -l**2 - 6*l - 29. Let p be n(-5). Is (-75666)/(-15) - p/40 a composite number?
True
Suppose -x - 4*h + 2908 = h, -5*x + 2*h + 14675 = 0. Is x a prime number?
False
Let i(y) = 333*y + 14. Let z be i(-5). Is (-2)/(-8) + z/(-4) a composite number?
True
Let w = 333 + -220. Is w prime?
True
Let t = 36 - 41. Let k(b) be the second derivative of -b**3/2 - 2*b**2 + b. Is k(t) a prime number?
True
Let g be 504/132 - (-2)/11. Suppose -4*q - 4*m = -136 - 2376, -g*m - 4 = 0. Is q prime?
False
Let f = 6877 - -786. Is f a composite number?
True
Let t(d) = -7*d**2 + 6*d - 17. Let u = 18 - 19. Let x(p) = -p**2. Let l(h) = u*t(h) + 4*x(h). Is l(-8) a composite number?
False
Suppose 3*x - 496 = 9281. Is x prime?
True
Suppose 5*u = -0*u. Suppose u = -5*p + 2*p + 69. Suppose -3*v + 125 = p. Is v composite?
True
Suppose -14*n + 120 = -10*n. Suppose -n*g = -34*g + 2876. Is g a prime number?
True
Let j be 2/(-68)*4 + 274/17. Suppose -j*p + 23*p = 7469. Is p composite?
True
Let i = -399 + 206. Let v = i - -334. Is v composite?
True
Let f(w) = 15*w**2 + 2*w - 1. Let b be f(-2). Let i = 342 + b. Is i a prime number?
True
Is (5960/(-160))/((-1)/508) composite?
True
Suppose 3*w - 549 = f, -w + 82 + 90 = -4*f. Suppose 2*k = 3*c + w, 0*c - 2*k - 176 = 3*c. Let s = 141 - c. Is s a prime number?
False
Let v(m) = -2*m**2 - 3*m. Let x be v(-2). Let d = -2 - x. Suppose -3*i = d, -5*s + 2*i + 37 = -28. Is s composite?
False
Let h(y) = 2032*y**3 + y**2 + 3*y - 4. Let g be h(1). Suppose -f - 7*f + g = 0. Is f composite?
True
Is (4/(-6) - -1) + 362166/63 composite?
False
Suppose 3*m - x - 9618 = 0, 5*m + 41*x - 46*x = 16020. Is m a prime number?
False
Let c(o) = -6*o - 8. Let t be c(-2). Is 4358*(1/t)/((-1)/(-2)) a prime number?
True
Let w(o) = -20*o**2 + 10*o - 2. Let f be w(2). Let b = -43 - f. Is b prime?
True
Let t = 11 + -8. Let a be (-187)/(-33) + (-2)/t. Suppose 107 = -a*p + 292. Is p composite?
False
Let q be 3 - (0 - (-7 - -4)). Suppose 2*x + 659 = -q*j + 3*j, -4*j = -5*x - 888. Is j prime?
False
Suppose 0*g + 8 = 4*g. Suppose 3*o - 2*w + 4 = 0, -2*w = -o - 6 - g. Suppose o*i = -a + 237, -5*a + 338 = 5*i - 2*i. Is i prime?
False
Let g be 12/(-66) - 3709/(-11). Suppose 2*h + g = 107. Let o = h + 446. Is o a composite number?
False
Suppose 4*u + 0*u = -2*v + 8, v - 4 = -3*u. Let o be (9/v)/(12/64). Is o/2 + -3 - -32 a composite number?
True
Suppose -481 - 2045 = -4*r - h, 3*r + 5*h = 1903. Is r a prime number?
True
Suppose 0 = -4*f - p + 16, 2*f - 5*p + 6 = -8. Suppose f*g = -27 + 300. Is g composite?
True
Suppose -2*i + 75 + 69 = p, -354 = -5*i - 4*p. Suppose -11 - 9 = 5*t, 2*h + 3*t + 98 = 0. Let z = h + i. Is z prime?
True
Suppose 0 